= 0. Let y = -9 + 19. What is the remainder when y is divided by k?
2
Suppose 2*y - 6*y = -140. What is the remainder when y is divided by 18?
17
Suppose 15*t - 117 = 12*t. Calculate the remainder when 115 is divided by t.
37
Let x(y) = 9*y**3 - y. What is the remainder when x(2) is divided by 9?
7
Let k be 5/((-1)/1*-1). Let i = k - 1. Let g = 0 - -2. What is the remainder when i is divided by g?
0
Suppose 3*h + 2 - 5 = 0. Let y be -8 - (1 - 0)*h. Let g = -6 - y. What is the remainder when 4 is divided by g?
1
Suppose -2*g = -0 - 6. Suppose g*v + 2*m = 4*m - 2, -5*m + 12 = -4*v. What is the remainder when 7 is divided by v?
1
Let g(s) = -s**3 + 11*s**2 - 7*s - 3. What is the remainder when g(10) is divided by 7?
6
Suppose -w - 50 = -3*w. Let o(k) = 11*k**2 - 2*k. Calculate the remainder when o(-2) is divided by w.
23
Let h be (5 - 2)*(-10)/(-6). Suppose -u + 2*u = 4, 0 = h*l + 5*u - 85. Calculate the remainder when 4/14 - (-264)/7 is divided by l.
12
Let d = 144 - 98. Calculate the remainder when d is divided by 25.
21
Suppose 2*p - 45 = -3*g, -4*p + 2*g + 2*g = -40. Suppose -3*n = -5*n + 16. Suppose 3*f + 40 = n*f. What is the remainder when p is divided by f?
7
Let o = -2 + -1. Let m(s) = -1 - 5*s - 4 + 4. What is the remainder when m(o) is divided by 8?
6
Let k(o) = 8*o - 1. Let y(g) = g - 1. Let h(f) = k(f) - 2*y(f). Calculate the remainder when h(3) is divided by 5.
4
Let x(q) = -21*q**3 - 2*q**2 - 2*q - 1. Let j be x(-1). Suppose -5*z = -z - j. Suppose 12 = -z*v + 77. Calculate the remainder when 37 is divided by v.
11
Suppose -16*i + 15*i + 61 = 0. What is the remainder when i is divided by 21?
19
Let u(z) = z**3 + 10*z**2 + 10*z + 12. Let q be u(-9). Suppose q = -k + 4*k. Calculate the remainder when 2 is divided by k.
0
Calculate the remainder when (0 + 61/(-3))*-3 is divided by (48/20)/(-6)*-40.
13
Let s(o) = -o + 29. Suppose b = -4*l + 21, b + 58 = 3*b + 4*l. Calculate the remainder when b is divided by s(10).
18
Let j = 66 - 34. Suppose -p + j = 3*p. What is the remainder when 15 is divided by p?
7
Let n = -24 + 12. Calculate the remainder when 26 is divided by 19/2 - (-6)/n.
8
Let k = 11 + -6. Suppose -k*d = -16 + 1. Suppose -51 = -4*l - 5*w, l + 2*w = d*w + 15. Calculate the remainder when 27 is divided by l.
13
Suppose 0 = -2*z + 6. Suppose 2*v = -z + 33. Calculate the remainder when 29 is divided by v.
14
Let d(w) be the third derivative of w**5/30 - w**4/12 - w**3/3 - 2*w**2. Let h(p) = -4*p. Calculate the remainder when d(-3) is divided by h(-2).
6
Suppose -17 = -3*z + 2*z. Calculate the remainder when 22 is divided by z.
5
Let c be (-8)/(-14) + (-186)/(-42). Calculate the remainder when 6 is divided by (-3)/(-15) + 9/c.
0
Let x(k) = -k + 6. What is the remainder when 101 is divided by x(-2)?
5
Let g(o) = -o**3 - 12*o**2 - 13*o + 3. What is the remainder when 121 is divided by g(-11)?
21
Let x(r) = -2*r - 5*r - r**2 + 1 + 2*r. Let p = -11 + 7. Calculate the remainder when 9 is divided by x(p).
4
Suppose -2*v = -6, 0 = 2*g - 0*v - 3*v + 119. Let y = g + 82. Calculate the remainder when 105 is divided by y.
24
What is the remainder when 3/(3/56) + 3 is divided by 15?
14
Let l(z) = z**3 - 5*z**2 + z - 1. Let p be l(5). Let b = p - -1. Suppose -2*n = x - 34, -3*n - 60 = -b*x + 123. What is the remainder when x is divided by 19?
17
Let g(d) = 2*d - 13. Calculate the remainder when g(13) is divided by 8.
5
Suppose -u - 3*q + 20 = 2*q, u + q - 8 = 0. Calculate the remainder when 49 is divided by (u - 3) + (-30)/(-2).
15
Let g = -15 + 71. What is the remainder when g is divided by 29?
27
Let f be 4/5*(-5)/2. Let g(s) = -3*s**3 + 0 - s + 2*s**3 - 1. Calculate the remainder when 26 is divided by g(f).
8
Let p(z) = -3*z + 1. Let o be p(-2). Suppose h - o = 3. What is the remainder when h is divided by 3?
1
Suppose -4*l = -3*l - 8. What is the remainder when (-178)/(6/(1 - 4)) is divided by (92/(-6))/(l/(-12))?
20
Let h(a) = 5*a**3 + a**2 - a. Suppose -4*x + 1 = -3. Let p be h(x). Calculate the remainder when (p - 3)*(0 - -6) is divided by 7.
5
Let q = 7 + 12. Suppose -5*n = i - 17, -5*i + 17 + 164 = n. What is the remainder when i is divided by q?
18
Suppose -7 = 3*x - 1. Let r(i) = -i**3 - 7*i**2 + 3. Calculate the remainder when ((-20)/8)/(x/4) is divided by r(-7).
2
Let o = 144 + -47. Calculate the remainder when o is divided by 33.
31
Let p(q) = 4*q + 56. Calculate the remainder when p(0) is divided by 15.
11
Suppose -2*g = 3*l - 125, -5*g = -4*l + 6*l - 76. Suppose f - 42 = -2*t - 2*f, 0 = t + f - 19. Calculate the remainder when l is divided by t.
13
Let h(a) = -a**3 - 6*a**2 + 11*a + 4. What is the remainder when h(-8) is divided by 6?
2
Suppose -100 - 27 = -5*f + 4*l, -3*f - 4*l = -57. What is the remainder when f is divided by 12?
11
Let b(n) = 2*n**2 + 26*n - 13. Let l be (4/(-6))/((-2)/6). Calculate the remainder when -1 - -60 - 2/l is divided by b(-14).
13
Suppose -5*u - 49 = h - 13, 0 = -3*h - 3. Calculate the remainder when 25 is divided by 276/21 + 1/u.
12
Calculate the remainder when 46 is divided by -3 - (1 + -12 + 2).
4
Suppose -3*h - 2*h = 4*u - 88, 0 = -2*h + u + 30. What is the remainder when 60 is divided by h?
12
Let y(c) = 2*c - 4. Let f be y(6). Suppose -4*h = f, 2*j = 7*j + 5*h - 100. Calculate the remainder when 63 is divided by j.
19
Let n(r) = r**2 - 3*r - 8. Let x = 22 + -17. Calculate the remainder when 3 is divided by n(x).
1
Let g = 25 + -13. Let b(t) = t**2 - t - 15. Calculate the remainder when b(-8) is divided by g.
9
Let o be (-1 - -1)*4/(-8). Suppose o = -5*d - j + 62, 2*j + 61 = 4*d - j. Calculate the remainder when -6*(-1)/4*34 is divided by d.
12
Let t = 17 - 10. Suppose i + i = -4*j + 22, -2*j + 5*i = t. What is the remainder when 6 is divided by j?
2
Let w(j) = j**3 + 6*j**2 - 4*j - 9. What is the remainder when w(-5) is divided by 13?
10
Suppose -3*y = 4*u - 0*y - 158, 5*u - 4*y = 213. Suppose b + 14 = -4*j + 47, 0 = 2*b + 3*j - u. What is the remainder when b is divided by 4?
1
Let z be 2 + -3 - -2 - 0. Suppose z = -3*y - 2. Calculate the remainder when 39 is divided by ((-112)/4)/(-1 + y).
11
Let d be (27/(-3))/((-3)/2). Let w be 4/d*3/2. What is the remainder when 19 is divided by 186/36 + w/(-6)?
4
Let o(i) = -i**3 + 2*i + 1. What is the remainder when o(-3) is divided by 8?
6
Let x = 29 + -16. Suppose 5*q - 4*q + 3*t = 7, x = 3*q + 5*t. Suppose -23 = -2*p - q. Calculate the remainder when 31 is divided by p.
9
Let v = 1 + -9. Let d = v - -19. What is the remainder when 32 is divided by d?
10
Let d(c) = c + 1. Let g(i) = i - 3. Let q(j) = 5*d(j) + g(j). Let t be q(4). Suppose 0 = 3*s - 22 - t. Calculate the remainder when 46 is divided by s.
14
Let o(n) = n**3 - 9*n**2 + 4*n - 4. Calculate the remainder when o(9) is divided by 18.
14
Let q = -48 - -87. Suppose r + k + 13 = q, -4*r + 116 = k. Suppose 0*t = 3*t - r. Calculate the remainder when 29 is divided by t.
9
Let z = 65 + -52. Suppose 4*c - 14 - 6 = 0, 0 = 3*u + 3*c - 87. Calculate the remainder when u is divided by z.
11
Let o(f) be the first derivative of -f**3/3 + 26*f + 1. Let a = -4 + 4. Calculate the remainder when o(a) is divided by 9.
8
Let m be ((-16)/(-8))/((-4)/(-6)). Suppose -6 = -3*b + m. Suppose -2*r + 10 = -0*r. What is the remainder when r is divided by b?
2
Let r(u) = 8*u**2 - u + 1. Let w(s) = s**3 + 5*s**2 - 2*s - 1. What is the remainder when w(-3) is divided by r(1)?
7
Let h = 18 - -27. Calculate the remainder when h is divided by 16.
13
Let q(r) = 18*r**3 + 3*r**2 + r. Let z be q(-2). Let p = -93 - z. What is the remainder when p is divided by (-1 - 13)/(-4 + 3)?
13
Let v = 54 + -8. Let m(l) = -l**2 + 4*l + 3. Let z be m(4). What is the remainder when v is divided by 46/z + 18/27?
14
Suppose -f + 12 = -3*h, -3*h = -3*f + 11 + 19. Calculate the remainder when 26 is divided by f.
8
Let b be (-1)/3 - 8/(-6). Let m = 2 - b. What is the remainder when 16 is divided by 0 - ((m - -1) + -11)?
7
Let r(c) = c**3 - 12*c**2 - 13*c + 4. What is the remainder when 7 is divided by r(13)?
3
Suppose 5*k = 3*k + 2*o - 22, k + 5*o = 19. What is the remainder when 22 is divided by k/4*-6 + 3?
10
Let h(j) = -42*j - 28. Calculate the remainder when h(-6) is divided by 45.
44
Let i(t) = t**3 - 21*t**2 + 3*t - 10. What is the rema